{"id":935,"date":"2024-05-15T22:58:16","date_gmt":"2024-05-15T22:58:16","guid":{"rendered":"https:\/\/natusvini.pt\/?page_id=935"},"modified":"2025-07-09T15:59:46","modified_gmt":"2025-07-09T15:59:46","slug":"intus-branco-2022","status":"publish","type":"page","link":"https:\/\/natusvini.pt\/index.php\/vinhos-2\/intus-branco-2022\/","title":{"rendered":"Intus Branco"},"content":{"rendered":"\t\t<div data-elementor-type=\"wp-page\" data-elementor-id=\"935\" class=\"elementor elementor-935\">\n\t\t\t\t\t\t<section class=\"elementor-section elementor-top-section elementor-element elementor-element-58444a45 elementor-section-boxed elementor-section-height-default elementor-section-height-default\" data-id=\"58444a45\" data-element_type=\"section\" data-e-type=\"section\">\n\t\t\t\t\t\t<div class=\"elementor-container elementor-column-gap-default\">\n\t\t\t\t\t<div class=\"elementor-column elementor-col-100 elementor-top-column elementor-element elementor-element-4bf9ebd7\" data-id=\"4bf9ebd7\" data-element_type=\"column\" data-e-type=\"column\">\n\t\t\t<div class=\"elementor-widget-wrap\">\n\t\t\t\t\t\t\t<\/div>\n\t\t<\/div>\n\t\t\t\t\t<\/div>\n\t\t<\/section>\n\t\t\t\t<section class=\"elementor-section elementor-top-section elementor-element elementor-element-170ce718 elementor-section-boxed elementor-section-height-default elementor-section-height-default\" data-id=\"170ce718\" data-element_type=\"section\" data-e-type=\"section\">\n\t\t\t\t\t\t<div class=\"elementor-container elementor-column-gap-default\">\n\t\t\t\t\t<div class=\"elementor-column elementor-col-100 elementor-top-column elementor-element elementor-element-37fe1c49\" data-id=\"37fe1c49\" data-element_type=\"column\" data-e-type=\"column\">\n\t\t\t<div class=\"elementor-widget-wrap elementor-element-populated\">\n\t\t\t\t\t\t<div class=\"elementor-element elementor-element-656fd1d6 elementor-widget elementor-widget-heading\" data-id=\"656fd1d6\" data-element_type=\"widget\" data-e-type=\"widget\" data-widget_type=\"heading.default\">\n\t\t\t\t<div class=\"elementor-widget-container\">\n\t\t\t\t\t<h2 class=\"elementor-heading-title elementor-size-default\">Intus Branco <span class=\"elementor-heading-title elementor-size-default elementor-inline-editing pen\" data-elementor-setting-key=\"title\" data-pen-placeholder=\"Type Here...\" style=\"border: 0px;font-size: 2.2352941176471rem;vertical-align: baseline;clear: both;color: var(--ast-global-color-2);line-height: 1.3\">2023<\/span><\/h2>\t\t\t\t<\/div>\n\t\t\t\t<\/div>\n\t\t\t\t<section class=\"elementor-section elementor-inner-section elementor-element elementor-element-1f39f6e6 elementor-section-boxed elementor-section-height-default elementor-section-height-default\" data-id=\"1f39f6e6\" data-element_type=\"section\" data-e-type=\"section\">\n\t\t\t\t\t\t<div class=\"elementor-container elementor-column-gap-default\">\n\t\t\t\t\t<div class=\"elementor-column elementor-col-50 elementor-inner-column elementor-element elementor-element-1785be0\" data-id=\"1785be0\" data-element_type=\"column\" data-e-type=\"column\">\n\t\t\t<div class=\"elementor-widget-wrap elementor-element-populated\">\n\t\t\t\t\t\t<div class=\"elementor-element elementor-element-431718e elementor-widget__width-auto elementor-widget elementor-widget-image\" data-id=\"431718e\" data-element_type=\"widget\" data-e-type=\"widget\" data-widget_type=\"image.default\">\n\t\t\t\t<div class=\"elementor-widget-container\">\n\t\t\t\t\t\t\t\t\t\t\t\t\t\t\t<img fetchpriority=\"high\" decoding=\"async\" width=\"486\" height=\"1024\" src=\"https:\/\/natusvini.pt\/wp-content\/uploads\/2024\/05\/Foto-Garrafa-Intus-Branco-486x1024.jpg\" class=\"attachment-large size-large wp-image-920\" alt=\"\" srcset=\"https:\/\/natusvini.pt\/wp-content\/uploads\/2024\/05\/Foto-Garrafa-Intus-Branco-486x1024.jpg 486w, https:\/\/natusvini.pt\/wp-content\/uploads\/2024\/05\/Foto-Garrafa-Intus-Branco-143x300.jpg 143w, https:\/\/natusvini.pt\/wp-content\/uploads\/2024\/05\/Foto-Garrafa-Intus-Branco-768x1617.jpg 768w, https:\/\/natusvini.pt\/wp-content\/uploads\/2024\/05\/Foto-Garrafa-Intus-Branco-730x1536.jpg 730w, https:\/\/natusvini.pt\/wp-content\/uploads\/2024\/05\/Foto-Garrafa-Intus-Branco.jpg 950w\" sizes=\"(max-width: 486px) 100vw, 486px\" \/>\t\t\t\t\t\t\t\t\t\t\t\t\t\t\t<\/div>\n\t\t\t\t<\/div>\n\t\t\t\t\t<\/div>\n\t\t<\/div>\n\t\t\t\t<div class=\"elementor-column elementor-col-50 elementor-inner-column elementor-element elementor-element-71f48d84\" data-id=\"71f48d84\" data-element_type=\"column\" data-e-type=\"column\">\n\t\t\t<div class=\"elementor-widget-wrap elementor-element-populated\">\n\t\t\t\t\t\t<div class=\"elementor-element elementor-element-2a5dd52f elementor-widget__width-auto elementor-widget elementor-widget-text-editor\" data-id=\"2a5dd52f\" data-element_type=\"widget\" data-e-type=\"widget\" data-widget_type=\"text-editor.default\">\n\t\t\t\t<div class=\"elementor-widget-container\">\n\t\t\t\t\t\t\t\t\t<p><br><\/p><p>De caracter\u00edsticas \u00fanicas no seu terroir, a Vidigueira \u00e9 sin\u00f3nimo de vinho. Com fortes amplitudes t\u00e9rmicas entre dia e noite, o resguardo da\u00a0<span style=\"font-style: inherit; letter-spacing: -0.3px; color: var(--ast-global-color-3); background-color: var( --e-global-color-c696dce );\">Serra do Mendro, promove a manuten\u00e7\u00e3o da humidade matinal nas vinhas. Solos maioritariamente xistosos e castas t\u00edpicas, profundamente\u00a0<\/span><span style=\"font-style: inherit; letter-spacing: -0.3px; color: var(--ast-global-color-3); background-color: var( --e-global-color-c696dce );\">adaptadas \u00e0 regi\u00e3o, traduzem no copo, patrim\u00f3nio de Terra de Vinho.<\/span><\/p>\n<p>Em velhas vinhas de Roupeiro, Ant\u00e3o Vaz e Arinto, s\u00e3o colhidas \u00e0 m\u00e3o, as uvas que d\u00e3o origem a este vinho. O ponto de matura\u00e7\u00e3o escolhido,\u00a0<span style=\"font-style: inherit; letter-spacing: -0.3px; color: var(--ast-global-color-3); background-color: var( --e-global-color-c696dce );\">procura a fruta fresca e acidez crocante.<\/span><\/p>\n<p>A vinifica\u00e7\u00e3o de baixa interven\u00e7\u00e3o, come\u00e7a com pisa a p\u00e9. O arranque da fermenta\u00e7\u00e3o espont\u00e2nea, leva \u00e0 prensa, apenas a frac\u00e7\u00e3o l\u00edquida \u00e9\u00a0<span style=\"font-style: inherit; letter-spacing: -0.3px; color: var(--ast-global-color-3); background-color: var( --e-global-color-c696dce );\">encaminhada para pequenos tanques de inox. Com est\u00e1gio total em tanque de inox, a pureza da fruta e a natural textura do vinho, \u00e9 mantida\u00a0<\/span><span style=\"font-style: inherit; letter-spacing: -0.3px; color: var(--ast-global-color-3); background-color: var( --e-global-color-c696dce );\">sem interven\u00e7\u00e3o. Ap\u00f3s decanta\u00e7\u00e3o, engarraf\u00e1mos, um vinho n\u00e3o estabilizado, com ligeira filtra\u00e7\u00e3o.<\/span><\/p>\n<p><strong style=\"font-style: inherit; letter-spacing: -0.3px; color: var(--ast-global-color-3);\">Notas de Prova<\/strong><\/p>\n<p class=\"p1\">Verde cristalino e reflexos amarelos. Fruta de caro\u00e7o e flores brancas com apontamentos de casca de citrinos. Na boca \u00e9 suculento e de fresca acidez. Pronto para o consumo imediato, disp\u00f5em \u00e0 mesa, e acompanha boa companhia, fora dela<span class=\"s1\">.<\/span><\/p>\n<p><strong style=\"letter-spacing: normal; color: var(--ast-global-color-3);\">Informa\u00e7\u00e3o T\u00e9cnica<\/strong><\/p>\n<p>pH: 3,36 Acidez Total: \u00a05,4g\/l A\u00e7ucares Totais: 0,4g\/l \u00c1lcool: 12,5%<\/p>\n<p>\u00a0Valor Cal\u00f3rico 78Kcal\/100ml<\/p>\n<p class=\"p1\">Engarrafadas 4.430 garrafas 750ml, na propriedade familiar, em Junho 2023. Recomenda-se consumo de 10 a 12\u00ba.<\/p>\t\t\t\t\t\t\t\t<\/div>\n\t\t\t\t<\/div>\n\t\t\t\t\t<\/div>\n\t\t<\/div>\n\t\t\t\t\t<\/div>\n\t\t<\/section>\n\t\t\t\t\t<\/div>\n\t\t<\/div>\n\t\t\t\t\t<\/div>\n\t\t<\/section>\n\t\t\t\t<section class=\"elementor-section elementor-top-section elementor-element elementor-element-f62389f elementor-section-boxed elementor-section-height-default elementor-section-height-default\" data-id=\"f62389f\" data-element_type=\"section\" data-e-type=\"section\">\n\t\t\t\t\t\t<div class=\"elementor-container elementor-column-gap-default\">\n\t\t\t\t\t<div class=\"elementor-column elementor-col-100 elementor-top-column elementor-element elementor-element-649ef7e\" data-id=\"649ef7e\" data-element_type=\"column\" data-e-type=\"column\">\n\t\t\t<div class=\"elementor-widget-wrap elementor-element-populated\">\n\t\t\t\t\t\t<div class=\"elementor-element elementor-element-08d1b69 elementor-widget elementor-widget-heading\" data-id=\"08d1b69\" data-element_type=\"widget\" data-e-type=\"widget\" data-widget_type=\"heading.default\">\n\t\t\t\t<div class=\"elementor-widget-container\">\n\t\t\t\t\t<h4 class=\"elementor-heading-title elementor-size-default\">Fichas T\u00e9cnicas | Technical Sheets<\/h4>\t\t\t\t<\/div>\n\t\t\t\t<\/div>\n\t\t\t\t\t<\/div>\n\t\t<\/div>\n\t\t\t\t\t<\/div>\n\t\t<\/section>\n\t\t\t\t<section class=\"elementor-section elementor-top-section elementor-element elementor-element-3116058 elementor-section-boxed elementor-section-height-default elementor-section-height-default\" data-id=\"3116058\" data-element_type=\"section\" data-e-type=\"section\">\n\t\t\t\t\t\t<div class=\"elementor-container elementor-column-gap-default\">\n\t\t\t\t\t<div class=\"elementor-column elementor-col-100 elementor-top-column elementor-element elementor-element-120fb3c\" data-id=\"120fb3c\" data-element_type=\"column\" data-e-type=\"column\">\n\t\t\t<div class=\"elementor-widget-wrap elementor-element-populated\">\n\t\t\t\t\t\t<div class=\"elementor-element elementor-element-65fc141 elementor-widget elementor-widget-text-editor\" data-id=\"65fc141\" data-element_type=\"widget\" data-e-type=\"widget\" data-widget_type=\"text-editor.default\">\n\t\t\t\t<div class=\"elementor-widget-container\">\n\t\t\t\t\t\t\t\t\t<h6><a href=\"http:\/\/natusvini.pt\/wp-content\/uploads\/2025\/07\/FICHAT_Intus_branco23.pdf\">2023 PT<\/a>\u00a0| <a href=\"http:\/\/natusvini.pt\/wp-content\/uploads\/2025\/07\/FICHATIntus_White23_.pdf\">2023 ENG<\/a> <a href=\"http:\/\/natusvini.pt\/wp-content\/uploads\/2024\/05\/FICHAT2.pdf\">2022 PT<\/a> | <a href=\"http:\/\/natusvini.pt\/wp-content\/uploads\/2024\/05\/Ficha-tecnica-Intus-Branco-2022-Ingles.pdf\">2022 ENG<\/a> |\u00a0<\/h6>\t\t\t\t\t\t\t\t<\/div>\n\t\t\t\t<\/div>\n\t\t\t\t\t<\/div>\n\t\t<\/div>\n\t\t\t\t\t<\/div>\n\t\t<\/section>\n\t\t\t\t<\/div>\n\t\t","protected":false},"excerpt":{"rendered":"<p>Intus Branco 2023 De caracter\u00edsticas \u00fanicas no seu terroir, a Vidigueira \u00e9 sin\u00f3nimo de vinho. Com fortes amplitudes t\u00e9rmicas entre dia e noite, o resguardo da\u00a0Serra do Mendro, promove a manuten\u00e7\u00e3o da humidade matinal nas vinhas. Solos maioritariamente xistosos e castas t\u00edpicas, profundamente\u00a0adaptadas \u00e0 regi\u00e3o, traduzem no copo, patrim\u00f3nio de Terra de Vinho. Em velhas [&hellip;]<\/p>\n","protected":false},"author":1,"featured_media":0,"parent":684,"menu_order":4,"comment_status":"closed","ping_status":"closed","template":"elementor_header_footer","meta":{"site-sidebar-layout":"no-sidebar","site-content-layout":"page-builder","ast-site-content-layout":"default","site-content-style":"default","site-sidebar-style":"default","ast-global-header-display":"","ast-banner-title-visibility":"","ast-main-header-display":"","ast-hfb-above-header-display":"","ast-hfb-below-header-display":"","ast-hfb-mobile-header-display":"","site-post-title":"disabled","ast-breadcrumbs-content":"","ast-featured-img":"disabled","footer-sml-layout":"","ast-disable-related-posts":"","theme-transparent-header-meta":"","adv-header-id-meta":"","stick-header-meta":"","header-above-stick-meta":"","header-main-stick-meta":"","header-below-stick-meta":"","astra-migrate-meta-layouts":"default","ast-page-background-enabled":"default","ast-page-background-meta":{"desktop":{"background-color":"var(--ast-global-color-4)","background-image":"","background-repeat":"repeat","background-position":"center center","background-size":"auto","background-attachment":"scroll","background-type":"","background-media":"","overlay-type":"","overlay-color":"","overlay-opacity":"","overlay-gradient":""},"tablet":{"background-color":"","background-image":"","background-repeat":"repeat","background-position":"center center","background-size":"auto","background-attachment":"scroll","background-type":"","background-media":"","overlay-type":"","overlay-color":"","overlay-opacity":"","overlay-gradient":""},"mobile":{"background-color":"","background-image":"","background-repeat":"repeat","background-position":"center center","background-size":"auto","background-attachment":"scroll","background-type":"","background-media":"","overlay-type":"","overlay-color":"","overlay-opacity":"","overlay-gradient":""}},"ast-content-background-meta":{"desktop":{"background-color":"var(--ast-global-color-5)","background-image":"","background-repeat":"repeat","background-position":"center center","background-size":"auto","background-attachment":"scroll","background-type":"","background-media":"","overlay-type":"","overlay-color":"","overlay-opacity":"","overlay-gradient":""},"tablet":{"background-color":"var(--ast-global-color-5)","background-image":"","background-repeat":"repeat","background-position":"center center","background-size":"auto","background-attachment":"scroll","background-type":"","background-media":"","overlay-type":"","overlay-color":"","overlay-opacity":"","overlay-gradient":""},"mobile":{"background-color":"var(--ast-global-color-5)","background-image":"","background-repeat":"repeat","background-position":"center center","background-size":"auto","background-attachment":"scroll","background-type":"","background-media":"","overlay-type":"","overlay-color":"","overlay-opacity":"","overlay-gradient":""}},"footnotes":""},"class_list":["post-935","page","type-page","status-publish","hentry"],"jetpack_sharing_enabled":true,"_links":{"self":[{"href":"https:\/\/natusvini.pt\/index.php\/wp-json\/wp\/v2\/pages\/935","targetHints":{"allow":["GET"]}}],"collection":[{"href":"https:\/\/natusvini.pt\/index.php\/wp-json\/wp\/v2\/pages"}],"about":[{"href":"https:\/\/natusvini.pt\/index.php\/wp-json\/wp\/v2\/types\/page"}],"author":[{"embeddable":true,"href":"https:\/\/natusvini.pt\/index.php\/wp-json\/wp\/v2\/users\/1"}],"replies":[{"embeddable":true,"href":"https:\/\/natusvini.pt\/index.php\/wp-json\/wp\/v2\/comments?post=935"}],"version-history":[{"count":21,"href":"https:\/\/natusvini.pt\/index.php\/wp-json\/wp\/v2\/pages\/935\/revisions"}],"predecessor-version":[{"id":1201,"href":"https:\/\/natusvini.pt\/index.php\/wp-json\/wp\/v2\/pages\/935\/revisions\/1201"}],"up":[{"embeddable":true,"href":"https:\/\/natusvini.pt\/index.php\/wp-json\/wp\/v2\/pages\/684"}],"wp:attachment":[{"href":"https:\/\/natusvini.pt\/index.php\/wp-json\/wp\/v2\/media?parent=935"}],"curies":[{"name":"wp","href":"https:\/\/api.w.org\/{rel}","templated":true}]}}