{"id":923,"date":"2024-05-15T22:51:56","date_gmt":"2024-05-15T22:51:56","guid":{"rendered":"https:\/\/natusvini.pt\/?page_id=923"},"modified":"2025-07-09T15:52:14","modified_gmt":"2025-07-09T15:52:14","slug":"elementor-923","status":"publish","type":"page","link":"https:\/\/natusvini.pt\/index.php\/vinhos-2\/elementor-923\/","title":{"rendered":"Intus Tinto"},"content":{"rendered":"\t\t<div data-elementor-type=\"wp-page\" data-elementor-id=\"923\" class=\"elementor elementor-923\">\n\t\t\t\t\t\t<section class=\"elementor-section elementor-top-section elementor-element elementor-element-4d188627 elementor-section-boxed elementor-section-height-default elementor-section-height-default\" data-id=\"4d188627\" data-element_type=\"section\" data-e-type=\"section\">\n\t\t\t\t\t\t<div class=\"elementor-container elementor-column-gap-default\">\n\t\t\t\t\t<div class=\"elementor-column elementor-col-100 elementor-top-column elementor-element elementor-element-25c5e1fd\" data-id=\"25c5e1fd\" data-element_type=\"column\" data-e-type=\"column\">\n\t\t\t<div class=\"elementor-widget-wrap\">\n\t\t\t\t\t\t\t<\/div>\n\t\t<\/div>\n\t\t\t\t\t<\/div>\n\t\t<\/section>\n\t\t\t\t<section class=\"elementor-section elementor-top-section elementor-element elementor-element-5faa8854 elementor-section-boxed elementor-section-height-default elementor-section-height-default\" data-id=\"5faa8854\" data-element_type=\"section\" data-e-type=\"section\">\n\t\t\t\t\t\t<div class=\"elementor-container elementor-column-gap-default\">\n\t\t\t\t\t<div class=\"elementor-column elementor-col-100 elementor-top-column elementor-element elementor-element-7429134b\" data-id=\"7429134b\" data-element_type=\"column\" data-e-type=\"column\">\n\t\t\t<div class=\"elementor-widget-wrap elementor-element-populated\">\n\t\t\t\t\t\t<div class=\"elementor-element elementor-element-541dca6f elementor-widget elementor-widget-heading\" data-id=\"541dca6f\" data-element_type=\"widget\" data-e-type=\"widget\" data-widget_type=\"heading.default\">\n\t\t\t\t<div class=\"elementor-widget-container\">\n\t\t\t\t\t<h2 class=\"elementor-heading-title elementor-size-default\">Intus Tinto <span class=\"elementor-heading-title elementor-size-default elementor-inline-editing pen\" data-elementor-setting-key=\"title\" data-pen-placeholder=\"Type Here...\" style=\"border: 0px;font-size: 2.2352941176471rem;vertical-align: baseline;clear: both;color: var(--ast-global-color-2);line-height: 1.3\">2023<\/span><\/h2>\t\t\t\t<\/div>\n\t\t\t\t<\/div>\n\t\t\t\t<section class=\"elementor-section elementor-inner-section elementor-element elementor-element-74df70c5 elementor-section-boxed elementor-section-height-default elementor-section-height-default\" data-id=\"74df70c5\" data-element_type=\"section\" data-e-type=\"section\">\n\t\t\t\t\t\t<div class=\"elementor-container elementor-column-gap-default\">\n\t\t\t\t\t<div class=\"elementor-column elementor-col-50 elementor-inner-column elementor-element elementor-element-6dff39e0\" data-id=\"6dff39e0\" data-element_type=\"column\" data-e-type=\"column\">\n\t\t\t<div class=\"elementor-widget-wrap elementor-element-populated\">\n\t\t\t\t\t\t<div class=\"elementor-element elementor-element-278e15e2 elementor-widget__width-auto elementor-widget elementor-widget-image\" data-id=\"278e15e2\" data-element_type=\"widget\" data-e-type=\"widget\" data-widget_type=\"image.default\">\n\t\t\t\t<div class=\"elementor-widget-container\">\n\t\t\t\t\t\t\t\t\t\t\t\t\t\t\t<img fetchpriority=\"high\" decoding=\"async\" width=\"486\" height=\"1024\" src=\"https:\/\/natusvini.pt\/wp-content\/uploads\/2024\/05\/Foto-garrafa-Intus-Tinto-486x1024.jpg\" class=\"attachment-large size-large wp-image-921\" alt=\"\" srcset=\"https:\/\/natusvini.pt\/wp-content\/uploads\/2024\/05\/Foto-garrafa-Intus-Tinto-486x1024.jpg 486w, https:\/\/natusvini.pt\/wp-content\/uploads\/2024\/05\/Foto-garrafa-Intus-Tinto-143x300.jpg 143w, https:\/\/natusvini.pt\/wp-content\/uploads\/2024\/05\/Foto-garrafa-Intus-Tinto-768x1617.jpg 768w, https:\/\/natusvini.pt\/wp-content\/uploads\/2024\/05\/Foto-garrafa-Intus-Tinto-730x1536.jpg 730w, https:\/\/natusvini.pt\/wp-content\/uploads\/2024\/05\/Foto-garrafa-Intus-Tinto.jpg 950w\" sizes=\"(max-width: 486px) 100vw, 486px\" \/>\t\t\t\t\t\t\t\t\t\t\t\t\t\t\t<\/div>\n\t\t\t\t<\/div>\n\t\t\t\t\t<\/div>\n\t\t<\/div>\n\t\t\t\t<div class=\"elementor-column elementor-col-50 elementor-inner-column elementor-element elementor-element-5f96e97f\" data-id=\"5f96e97f\" data-element_type=\"column\" data-e-type=\"column\">\n\t\t\t<div class=\"elementor-widget-wrap elementor-element-populated\">\n\t\t\t\t\t\t<div class=\"elementor-element elementor-element-79c7fd4f elementor-widget__width-auto elementor-widget elementor-widget-text-editor\" data-id=\"79c7fd4f\" data-element_type=\"widget\" data-e-type=\"widget\" data-widget_type=\"text-editor.default\">\n\t\t\t\t<div class=\"elementor-widget-container\">\n\t\t\t\t\t\t\t\t\t<p>\u00a0<\/p><p>De caracter\u00edsticas \u00fanicas no seu terroir, a Vidigueira \u00e9 sin\u00f3nimo de vinho. Com fortes amplitudes t\u00e9rmicas entre dia e noite, o resguardo da Serra\u00a0<span style=\"font-style: inherit; letter-spacing: -0.3px; color: var(--ast-global-color-3); background-color: var( --e-global-color-c696dce );\">do Mendro, promove a manuten\u00e7\u00e3o da humidade matinal nas vinhas. Solos maioritariamente xistosos e castas t\u00edpicas, profundamente adaptadas\u00a0<\/span><span style=\"font-style: inherit; letter-spacing: -0.3px; color: var(--ast-global-color-3); background-color: var( --e-global-color-c696dce );\">\u00e0 regi\u00e3o, traduzem no copo, patrim\u00f3nio de Terra de Vinho.<\/span><\/p><p>Em velhas vinhas de Trincadeira e Aragonez, s\u00e3o colhidas \u00e0 m\u00e3o, as uvas que d\u00e3o origem a este vinho. O ponto de matura\u00e7\u00e3o escolhido, procura\u00a0<span style=\"font-style: inherit; letter-spacing: -0.3px; color: var(--ast-global-color-3); background-color: var( --e-global-color-c696dce );\">a fruta fresca, a acidez crocante e a leveza de corpo.<\/span><\/p><p>A vinifica\u00e7\u00e3o de baixa interven\u00e7\u00e3o, come\u00e7a com pisa a p\u00e9. O arranque da fermenta\u00e7\u00e3o espont\u00e2nea, leva \u00e0 prensa e apenas a frac\u00e7\u00e3o l\u00edquida, \u00e9\u00a0<span style=\"font-style: inherit; letter-spacing: -0.3px; color: var(--ast-global-color-3); background-color: var( --e-global-color-c696dce );\">encaminhada para pequenos tanques de inox. Com est\u00e1gio total em tanque de inox, a pureza da fruta e a natural textura do vinho, \u00e9 mantida\u00a0<\/span><span style=\"font-style: inherit; letter-spacing: -0.3px; color: var(--ast-global-color-3); background-color: var( --e-global-color-c696dce );\">sem interven\u00e7\u00e3o. Ap\u00f3s decanta\u00e7\u00e3o, engarrafamos, um vinho n\u00e3o filtrado, n\u00e3o estabilizado.<\/span><\/p><p><strong style=\"font-style: inherit; letter-spacing: -0.3px; color: var(--ast-global-color-3);\">Notas de Prova<\/strong><\/p><p>Aberto na cor, de bonito vermelho rubi. Intenso aroma a frutos vermelhos frescos, onde a cereja se destaca. Na boca, a sua leveza e fresca acidez, d\u00e3o contexto a uma textura ligeira, de taninos sumarentos e delicados. Pronto para o consumo imediato, disp\u00f5em \u00e0 mesa, e acompanha boa companhia, fora dela.<\/p><p><strong style=\"letter-spacing: normal; color: var(--ast-global-color-3);\">Informa\u00e7\u00e3o T\u00e9cnica<\/strong><\/p><p>pH: 3,50 Acidez Total: 5,6g\/l A\u00e7\u00facares Totais: 0,5g\/l \u00c1lcool: 12,5%<\/p><p>\u00a0Valor Cal\u00f3rico 75Kcal\/100ml.\u00a0<\/p><p class=\"p1\">Engarrafadas 7.254 garrafas 750ml, na propriedade familiar, em Junho 2024. Recomenda-se consumo a 16\u00ba.<\/p>\t\t\t\t\t\t\t\t<\/div>\n\t\t\t\t<\/div>\n\t\t\t\t\t<\/div>\n\t\t<\/div>\n\t\t\t\t\t<\/div>\n\t\t<\/section>\n\t\t\t\t\t<\/div>\n\t\t<\/div>\n\t\t\t\t\t<\/div>\n\t\t<\/section>\n\t\t\t\t<section class=\"elementor-section elementor-top-section elementor-element elementor-element-dfd75d6 elementor-section-boxed elementor-section-height-default elementor-section-height-default\" data-id=\"dfd75d6\" data-element_type=\"section\" data-e-type=\"section\">\n\t\t\t\t\t\t<div class=\"elementor-container elementor-column-gap-default\">\n\t\t\t\t\t<div class=\"elementor-column elementor-col-100 elementor-top-column elementor-element elementor-element-c2ea110\" data-id=\"c2ea110\" data-element_type=\"column\" data-e-type=\"column\">\n\t\t\t<div class=\"elementor-widget-wrap elementor-element-populated\">\n\t\t\t\t\t\t<div class=\"elementor-element elementor-element-d3f87ce elementor-widget elementor-widget-heading\" data-id=\"d3f87ce\" data-element_type=\"widget\" data-e-type=\"widget\" data-widget_type=\"heading.default\">\n\t\t\t\t<div class=\"elementor-widget-container\">\n\t\t\t\t\t<h4 class=\"elementor-heading-title elementor-size-default\">Fichas T\u00e9cnicas | Technical Sheets<\/h4>\t\t\t\t<\/div>\n\t\t\t\t<\/div>\n\t\t\t\t\t<\/div>\n\t\t<\/div>\n\t\t\t\t\t<\/div>\n\t\t<\/section>\n\t\t\t\t<section class=\"elementor-section elementor-top-section elementor-element elementor-element-2a9a202 elementor-section-boxed elementor-section-height-default elementor-section-height-default\" data-id=\"2a9a202\" data-element_type=\"section\" data-e-type=\"section\">\n\t\t\t\t\t\t<div class=\"elementor-container elementor-column-gap-default\">\n\t\t\t\t\t<div class=\"elementor-column elementor-col-100 elementor-top-column elementor-element elementor-element-c16e396\" data-id=\"c16e396\" data-element_type=\"column\" data-e-type=\"column\">\n\t\t\t<div class=\"elementor-widget-wrap elementor-element-populated\">\n\t\t\t\t\t\t<div class=\"elementor-element elementor-element-f9080e2 elementor-widget elementor-widget-text-editor\" data-id=\"f9080e2\" data-element_type=\"widget\" data-e-type=\"widget\" data-widget_type=\"text-editor.default\">\n\t\t\t\t<div class=\"elementor-widget-container\">\n\t\t\t\t\t\t\t\t\t<h6><a href=\"http:\/\/natusvini.pt\/wp-content\/uploads\/2025\/07\/FICHAT_Intus_tinto23.pdf\">2023 PT<\/a> | <a href=\"http:\/\/natusvini.pt\/wp-content\/uploads\/2025\/07\/FICHAT_Intus_Red23.pdf\">2023 ENG<\/a> | <a href=\"http:\/\/natusvini.pt\/wp-content\/uploads\/2024\/05\/Ficha-Tecnica-Intus-Tinto-2022-Portugues.pdf\">2022 PT<\/a> | <a href=\"http:\/\/natusvini.pt\/wp-content\/uploads\/2024\/05\/Ficha-tecnica-Intus-Tinto-2022-Ingles.pdf\">2022 ENG<\/a> |\u00a0<\/h6>\t\t\t\t\t\t\t\t<\/div>\n\t\t\t\t<\/div>\n\t\t\t\t\t<\/div>\n\t\t<\/div>\n\t\t\t\t\t<\/div>\n\t\t<\/section>\n\t\t\t\t<\/div>\n\t\t","protected":false},"excerpt":{"rendered":"<p>Intus Tinto 2023 \u00a0 De caracter\u00edsticas \u00fanicas no seu terroir, a Vidigueira \u00e9 sin\u00f3nimo de vinho. Com fortes amplitudes t\u00e9rmicas entre dia e noite, o resguardo da Serra\u00a0do Mendro, promove a manuten\u00e7\u00e3o da humidade matinal nas vinhas. Solos maioritariamente xistosos e castas t\u00edpicas, profundamente adaptadas\u00a0\u00e0 regi\u00e3o, traduzem no copo, patrim\u00f3nio de Terra de Vinho. Em [&hellip;]<\/p>\n","protected":false},"author":1,"featured_media":0,"parent":684,"menu_order":3,"comment_status":"closed","ping_status":"closed","template":"elementor_header_footer","meta":{"site-sidebar-layout":"no-sidebar","site-content-layout":"page-builder","ast-site-content-layout":"default","site-content-style":"default","site-sidebar-style":"default","ast-global-header-display":"","ast-banner-title-visibility":"","ast-main-header-display":"","ast-hfb-above-header-display":"","ast-hfb-below-header-display":"","ast-hfb-mobile-header-display":"","site-post-title":"disabled","ast-breadcrumbs-content":"","ast-featured-img":"disabled","footer-sml-layout":"","ast-disable-related-posts":"","theme-transparent-header-meta":"","adv-header-id-meta":"","stick-header-meta":"","header-above-stick-meta":"","header-main-stick-meta":"","header-below-stick-meta":"","astra-migrate-meta-layouts":"default","ast-page-background-enabled":"default","ast-page-background-meta":{"desktop":{"background-color":"var(--ast-global-color-4)","background-image":"","background-repeat":"repeat","background-position":"center center","background-size":"auto","background-attachment":"scroll","background-type":"","background-media":"","overlay-type":"","overlay-color":"","overlay-opacity":"","overlay-gradient":""},"tablet":{"background-color":"","background-image":"","background-repeat":"repeat","background-position":"center center","background-size":"auto","background-attachment":"scroll","background-type":"","background-media":"","overlay-type":"","overlay-color":"","overlay-opacity":"","overlay-gradient":""},"mobile":{"background-color":"","background-image":"","background-repeat":"repeat","background-position":"center center","background-size":"auto","background-attachment":"scroll","background-type":"","background-media":"","overlay-type":"","overlay-color":"","overlay-opacity":"","overlay-gradient":""}},"ast-content-background-meta":{"desktop":{"background-color":"var(--ast-global-color-5)","background-image":"","background-repeat":"repeat","background-position":"center center","background-size":"auto","background-attachment":"scroll","background-type":"","background-media":"","overlay-type":"","overlay-color":"","overlay-opacity":"","overlay-gradient":""},"tablet":{"background-color":"var(--ast-global-color-5)","background-image":"","background-repeat":"repeat","background-position":"center center","background-size":"auto","background-attachment":"scroll","background-type":"","background-media":"","overlay-type":"","overlay-color":"","overlay-opacity":"","overlay-gradient":""},"mobile":{"background-color":"var(--ast-global-color-5)","background-image":"","background-repeat":"repeat","background-position":"center center","background-size":"auto","background-attachment":"scroll","background-type":"","background-media":"","overlay-type":"","overlay-color":"","overlay-opacity":"","overlay-gradient":""}},"footnotes":""},"class_list":["post-923","page","type-page","status-publish","hentry"],"jetpack_sharing_enabled":true,"_links":{"self":[{"href":"https:\/\/natusvini.pt\/index.php\/wp-json\/wp\/v2\/pages\/923","targetHints":{"allow":["GET"]}}],"collection":[{"href":"https:\/\/natusvini.pt\/index.php\/wp-json\/wp\/v2\/pages"}],"about":[{"href":"https:\/\/natusvini.pt\/index.php\/wp-json\/wp\/v2\/types\/page"}],"author":[{"embeddable":true,"href":"https:\/\/natusvini.pt\/index.php\/wp-json\/wp\/v2\/users\/1"}],"replies":[{"embeddable":true,"href":"https:\/\/natusvini.pt\/index.php\/wp-json\/wp\/v2\/comments?post=923"}],"version-history":[{"count":25,"href":"https:\/\/natusvini.pt\/index.php\/wp-json\/wp\/v2\/pages\/923\/revisions"}],"predecessor-version":[{"id":1188,"href":"https:\/\/natusvini.pt\/index.php\/wp-json\/wp\/v2\/pages\/923\/revisions\/1188"}],"up":[{"embeddable":true,"href":"https:\/\/natusvini.pt\/index.php\/wp-json\/wp\/v2\/pages\/684"}],"wp:attachment":[{"href":"https:\/\/natusvini.pt\/index.php\/wp-json\/wp\/v2\/media?parent=923"}],"curies":[{"name":"wp","href":"https:\/\/api.w.org\/{rel}","templated":true}]}}