{"id":125,"date":"2022-02-09T12:37:13","date_gmt":"2022-02-09T12:37:13","guid":{"rendered":"https:\/\/natusvini.pt\/index.php\/contact\/"},"modified":"2025-07-14T15:40:33","modified_gmt":"2025-07-14T15:40:33","slug":"contact","status":"publish","type":"page","link":"https:\/\/natusvini.pt\/","title":{"rendered":"Home"},"content":{"rendered":"\t\t<div data-elementor-type=\"wp-page\" data-elementor-id=\"125\" class=\"elementor elementor-125\">\n\t\t\t\t\t\t<section class=\"elementor-section elementor-top-section elementor-element elementor-element-37523832 elementor-section-height-min-height elementor-section-content-middle elementor-section-boxed elementor-section-height-default elementor-section-items-middle\" data-id=\"37523832\" data-element_type=\"section\" data-e-type=\"section\" data-settings=\"{&quot;background_background&quot;:&quot;slideshow&quot;,&quot;background_slideshow_gallery&quot;:[{&quot;id&quot;:1064,&quot;url&quot;:&quot;http:\\\/\\\/natusvini.pt\\\/wp-content\\\/uploads\\\/2024\\\/07\\\/ns_natus-70-scaled-e1720710472107.jpg&quot;},{&quot;id&quot;:1061,&quot;url&quot;:&quot;http:\\\/\\\/natusvini.pt\\\/wp-content\\\/uploads\\\/2024\\\/07\\\/ns_natus-66-scaled-e1720710559310.jpg&quot;},{&quot;id&quot;:1059,&quot;url&quot;:&quot;http:\\\/\\\/natusvini.pt\\\/wp-content\\\/uploads\\\/2024\\\/07\\\/ns_natus-64-scaled.jpg&quot;},{&quot;id&quot;:1058,&quot;url&quot;:&quot;http:\\\/\\\/natusvini.pt\\\/wp-content\\\/uploads\\\/2024\\\/07\\\/ns_natus-60-scaled.jpg&quot;},{&quot;id&quot;:1048,&quot;url&quot;:&quot;http:\\\/\\\/natusvini.pt\\\/wp-content\\\/uploads\\\/2024\\\/07\\\/ns_natus-40-scaled-e1720710442249.jpg&quot;},{&quot;id&quot;:1044,&quot;url&quot;:&quot;http:\\\/\\\/natusvini.pt\\\/wp-content\\\/uploads\\\/2024\\\/07\\\/ns_natus-34-scaled.jpg&quot;},{&quot;id&quot;:1040,&quot;url&quot;:&quot;http:\\\/\\\/natusvini.pt\\\/wp-content\\\/uploads\\\/2024\\\/07\\\/ns_natus-26-scaled.jpg&quot;},{&quot;id&quot;:1036,&quot;url&quot;:&quot;http:\\\/\\\/natusvini.pt\\\/wp-content\\\/uploads\\\/2024\\\/07\\\/ns_natus-12-scaled.jpg&quot;},{&quot;id&quot;:1062,&quot;url&quot;:&quot;http:\\\/\\\/natusvini.pt\\\/wp-content\\\/uploads\\\/2024\\\/07\\\/ns_natus-67-scaled.jpg&quot;},{&quot;id&quot;:1057,&quot;url&quot;:&quot;http:\\\/\\\/natusvini.pt\\\/wp-content\\\/uploads\\\/2024\\\/07\\\/ns_natus-59-scaled.jpg&quot;}],&quot;background_slideshow_loop&quot;:&quot;yes&quot;,&quot;background_slideshow_slide_duration&quot;:5000,&quot;background_slideshow_slide_transition&quot;:&quot;fade&quot;,&quot;background_slideshow_transition_duration&quot;:500}\">\n\t\t\t\t\t\t\t<div class=\"elementor-background-overlay\"><\/div>\n\t\t\t\t\t\t\t<div class=\"elementor-container elementor-column-gap-no\">\n\t\t\t\t\t<div class=\"elementor-column elementor-col-100 elementor-top-column elementor-element elementor-element-271e2f77\" data-id=\"271e2f77\" data-element_type=\"column\" data-e-type=\"column\">\n\t\t\t<div class=\"elementor-widget-wrap elementor-element-populated\">\n\t\t\t\t\t\t<div class=\"elementor-element elementor-element-456f17c9 elementor-widget elementor-widget-heading\" data-id=\"456f17c9\" data-element_type=\"widget\" data-e-type=\"widget\" data-widget_type=\"heading.default\">\n\t\t\t\t<div class=\"elementor-widget-container\">\n\t\t\t\t\t<h2 class=\"elementor-heading-title elementor-size-default\">Natus Vini<\/h2>\t\t\t\t<\/div>\n\t\t\t\t<\/div>\n\t\t\t\t<div class=\"elementor-element elementor-element-1dfd0168 elementor-widget elementor-widget-text-editor\" data-id=\"1dfd0168\" data-element_type=\"widget\" data-e-type=\"widget\" data-widget_type=\"text-editor.default\">\n\t\t\t\t<div class=\"elementor-widget-container\">\n\t\t\t\t\t\t\t\t\t<p>No sop\u00e9 Sul da Serra do Mendro, no cora\u00e7\u00e3o da Vidigueira, nasce o Natus. Do clima, os dias quentes e soalheiros, as noites varridas a brisas frias. Do solo, mediterr\u00e2neo de xisto delgado, a baixa fertilidade, a complexidade, a mineralidade. Das castas, a identidade o car\u00e1cter, a tipicidade. Do homem, a baixa interven\u00e7\u00e3o, o respeito pelos elementos e pela a manuten\u00e7\u00e3o da hist\u00f3ria.<\/p>\t\t\t\t\t\t\t\t<\/div>\n\t\t\t\t<\/div>\n\t\t\t\t<section class=\"elementor-section elementor-inner-section elementor-element elementor-element-5cdc9738 elementor-section-boxed elementor-section-height-default elementor-section-height-default\" data-id=\"5cdc9738\" data-element_type=\"section\" data-e-type=\"section\">\n\t\t\t\t\t\t<div class=\"elementor-container elementor-column-gap-wider\">\n\t\t\t\t\t<div class=\"elementor-column elementor-col-100 elementor-inner-column elementor-element elementor-element-34e68f2\" data-id=\"34e68f2\" data-element_type=\"column\" data-e-type=\"column\" data-settings=\"{&quot;background_background&quot;:&quot;slideshow&quot;,&quot;background_slideshow_gallery&quot;:[],&quot;background_slideshow_loop&quot;:&quot;yes&quot;,&quot;background_slideshow_slide_duration&quot;:5000,&quot;background_slideshow_slide_transition&quot;:&quot;fade&quot;,&quot;background_slideshow_transition_duration&quot;:500}\">\n\t\t\t<div class=\"elementor-widget-wrap\">\n\t\t\t\t\t\t\t<\/div>\n\t\t<\/div>\n\t\t\t\t\t<\/div>\n\t\t<\/section>\n\t\t\t\t\t<\/div>\n\t\t<\/div>\n\t\t\t\t\t<\/div>\n\t\t<\/section>\n\t\t\t\t<section class=\"elementor-section elementor-top-section elementor-element elementor-element-6c27590 elementor-section-boxed elementor-section-height-default elementor-section-height-default\" data-id=\"6c27590\" data-element_type=\"section\" data-e-type=\"section\">\n\t\t\t\t\t\t<div class=\"elementor-container elementor-column-gap-default\">\n\t\t\t\t\t<div class=\"elementor-column elementor-col-100 elementor-top-column elementor-element elementor-element-8b33959\" data-id=\"8b33959\" data-element_type=\"column\" data-e-type=\"column\">\n\t\t\t<div class=\"elementor-widget-wrap elementor-element-populated\">\n\t\t\t\t\t\t\t<\/div>\n\t\t<\/div>\n\t\t\t\t\t<\/div>\n\t\t<\/section>\n\t\t\t\t<section class=\"elementor-section elementor-top-section elementor-element elementor-element-350e56f2 elementor-section-content-middle elementor-section-boxed elementor-section-height-default elementor-section-height-default\" data-id=\"350e56f2\" data-element_type=\"section\" data-e-type=\"section\">\n\t\t\t\t\t\t<div class=\"elementor-container elementor-column-gap-default\">\n\t\t\t\t\t<div class=\"elementor-column elementor-col-100 elementor-top-column elementor-element elementor-element-5c7e211c\" data-id=\"5c7e211c\" data-element_type=\"column\" data-e-type=\"column\">\n\t\t\t<div class=\"elementor-widget-wrap elementor-element-populated\">\n\t\t\t\t\t\t<div class=\"elementor-element elementor-element-78066fb8 elementor-widget elementor-widget-heading\" data-id=\"78066fb8\" data-element_type=\"widget\" data-e-type=\"widget\" data-widget_type=\"heading.default\">\n\t\t\t\t<div class=\"elementor-widget-container\">\n\t\t\t\t\t<h2 class=\"elementor-heading-title elementor-size-default\">O sonho \u00e0 vista<\/h2>\t\t\t\t<\/div>\n\t\t\t\t<\/div>\n\t\t\t\t<div class=\"elementor-element elementor-element-210a03ca elementor-widget elementor-widget-heading\" data-id=\"210a03ca\" data-element_type=\"widget\" data-e-type=\"widget\" data-widget_type=\"heading.default\">\n\t\t\t\t<div class=\"elementor-widget-container\">\n\t\t\t\t\t<p class=\"elementor-heading-title elementor-size-default\">Cada dia \u00e9 vivido intensamente, com paix\u00e3o e amor pela vinha. Nela dormimos e acordamos.<\/p>\t\t\t\t<\/div>\n\t\t\t\t<\/div>\n\t\t\t\t<div class=\"elementor-element elementor-element-27c1cb3b gallery-spacing-custom elementor-widget elementor-widget-image-gallery\" data-id=\"27c1cb3b\" data-element_type=\"widget\" data-e-type=\"widget\" data-widget_type=\"image-gallery.default\">\n\t\t\t\t<div class=\"elementor-widget-container\">\n\t\t\t\t\t\t\t<div class=\"elementor-image-gallery\">\n\t\t\t<div id='gallery-1' class='gallery galleryid-125 gallery-columns-3 gallery-size-full'><figure class='gallery-item'>\n\t\t\t<div class='gallery-icon landscape'>\n\t\t\t\t<a data-elementor-open-lightbox=\"yes\" data-elementor-lightbox-slideshow=\"27c1cb3b\" data-elementor-lightbox-title=\"IMG_8660\" data-e-action-hash=\"#elementor-action%3Aaction%3Dlightbox%26settings%3DeyJpZCI6NTgwLCJ1cmwiOiJodHRwczpcL1wvbmF0dXN2aW5pLnB0XC93cC1jb250ZW50XC91cGxvYWRzXC8yMDIyXC8wMlwvSU1HXzg2NjAtc2NhbGVkLWUxNjQ1Mjg3ODc0MjI1LmpwZyIsInNsaWRlc2hvdyI6IjI3YzFjYjNiIn0%3D\" href='https:\/\/natusvini.pt\/wp-content\/uploads\/2022\/02\/IMG_8660-scaled-e1645287874225.jpg'><img fetchpriority=\"high\" decoding=\"async\" width=\"1920\" height=\"1920\" src=\"https:\/\/natusvini.pt\/wp-content\/uploads\/2022\/02\/IMG_8660-scaled-e1645287874225.jpg\" class=\"attachment-full size-full\" alt=\"\" srcset=\"https:\/\/natusvini.pt\/wp-content\/uploads\/2022\/02\/IMG_8660-scaled-e1645287874225.jpg 1920w, https:\/\/natusvini.pt\/wp-content\/uploads\/2022\/02\/IMG_8660-scaled-e1645287874225-300x300.jpg 300w, https:\/\/natusvini.pt\/wp-content\/uploads\/2022\/02\/IMG_8660-scaled-e1645287874225-1024x1024.jpg 1024w, https:\/\/natusvini.pt\/wp-content\/uploads\/2022\/02\/IMG_8660-scaled-e1645287874225-150x150.jpg 150w, https:\/\/natusvini.pt\/wp-content\/uploads\/2022\/02\/IMG_8660-scaled-e1645287874225-768x768.jpg 768w, https:\/\/natusvini.pt\/wp-content\/uploads\/2022\/02\/IMG_8660-scaled-e1645287874225-1536x1536.jpg 1536w\" sizes=\"(max-width: 1920px) 100vw, 1920px\" \/><\/a>\n\t\t\t<\/div><\/figure><figure class='gallery-item'>\n\t\t\t<div class='gallery-icon landscape'>\n\t\t\t\t<a data-elementor-open-lightbox=\"yes\" data-elementor-lightbox-slideshow=\"27c1cb3b\" data-elementor-lightbox-title=\"ns_natus-70\" data-e-action-hash=\"#elementor-action%3Aaction%3Dlightbox%26settings%3DeyJpZCI6MTA2NCwidXJsIjoiaHR0cHM6XC9cL25hdHVzdmluaS5wdFwvd3AtY29udGVudFwvdXBsb2Fkc1wvMjAyNFwvMDdcL25zX25hdHVzLTcwLXNjYWxlZC1lMTcyMDcxMDQ3MjEwNy5qcGciLCJzbGlkZXNob3ciOiIyN2MxY2IzYiJ9\" href='https:\/\/natusvini.pt\/wp-content\/uploads\/2024\/07\/ns_natus-70-scaled-e1720710472107.jpg'><img decoding=\"async\" width=\"1706\" height=\"1706\" src=\"https:\/\/natusvini.pt\/wp-content\/uploads\/2024\/07\/ns_natus-70-scaled-e1720710472107.jpg\" class=\"attachment-full size-full\" alt=\"\" srcset=\"https:\/\/natusvini.pt\/wp-content\/uploads\/2024\/07\/ns_natus-70-scaled-e1720710472107.jpg 1706w, https:\/\/natusvini.pt\/wp-content\/uploads\/2024\/07\/ns_natus-70-scaled-e1720710472107-300x300.jpg 300w, https:\/\/natusvini.pt\/wp-content\/uploads\/2024\/07\/ns_natus-70-scaled-e1720710472107-1024x1024.jpg 1024w, https:\/\/natusvini.pt\/wp-content\/uploads\/2024\/07\/ns_natus-70-scaled-e1720710472107-150x150.jpg 150w, https:\/\/natusvini.pt\/wp-content\/uploads\/2024\/07\/ns_natus-70-scaled-e1720710472107-768x768.jpg 768w, https:\/\/natusvini.pt\/wp-content\/uploads\/2024\/07\/ns_natus-70-scaled-e1720710472107-1536x1536.jpg 1536w\" sizes=\"(max-width: 1706px) 100vw, 1706px\" \/><\/a>\n\t\t\t<\/div><\/figure><figure class='gallery-item'>\n\t\t\t<div class='gallery-icon landscape'>\n\t\t\t\t<a data-elementor-open-lightbox=\"yes\" data-elementor-lightbox-slideshow=\"27c1cb3b\" data-elementor-lightbox-title=\"ns_natus-66\" data-e-action-hash=\"#elementor-action%3Aaction%3Dlightbox%26settings%3DeyJpZCI6MTA2MSwidXJsIjoiaHR0cHM6XC9cL25hdHVzdmluaS5wdFwvd3AtY29udGVudFwvdXBsb2Fkc1wvMjAyNFwvMDdcL25zX25hdHVzLTY2LXNjYWxlZC1lMTcyMDcxMDU1OTMxMC5qcGciLCJzbGlkZXNob3ciOiIyN2MxY2IzYiJ9\" href='https:\/\/natusvini.pt\/wp-content\/uploads\/2024\/07\/ns_natus-66-scaled-e1720710559310.jpg'><img decoding=\"async\" width=\"1706\" height=\"1706\" src=\"https:\/\/natusvini.pt\/wp-content\/uploads\/2024\/07\/ns_natus-66-scaled-e1720710559310.jpg\" class=\"attachment-full size-full\" alt=\"\" srcset=\"https:\/\/natusvini.pt\/wp-content\/uploads\/2024\/07\/ns_natus-66-scaled-e1720710559310.jpg 1706w, https:\/\/natusvini.pt\/wp-content\/uploads\/2024\/07\/ns_natus-66-scaled-e1720710559310-300x300.jpg 300w, https:\/\/natusvini.pt\/wp-content\/uploads\/2024\/07\/ns_natus-66-scaled-e1720710559310-1024x1024.jpg 1024w, https:\/\/natusvini.pt\/wp-content\/uploads\/2024\/07\/ns_natus-66-scaled-e1720710559310-150x150.jpg 150w, https:\/\/natusvini.pt\/wp-content\/uploads\/2024\/07\/ns_natus-66-scaled-e1720710559310-768x768.jpg 768w, https:\/\/natusvini.pt\/wp-content\/uploads\/2024\/07\/ns_natus-66-scaled-e1720710559310-1536x1536.jpg 1536w\" sizes=\"(max-width: 1706px) 100vw, 1706px\" \/><\/a>\n\t\t\t<\/div><\/figure><figure class='gallery-item'>\n\t\t\t<div class='gallery-icon landscape'>\n\t\t\t\t<a data-elementor-open-lightbox=\"yes\" data-elementor-lightbox-slideshow=\"27c1cb3b\" data-elementor-lightbox-title=\"ns_natus-32\" data-e-action-hash=\"#elementor-action%3Aaction%3Dlightbox%26settings%3DeyJpZCI6MTA0MywidXJsIjoiaHR0cHM6XC9cL25hdHVzdmluaS5wdFwvd3AtY29udGVudFwvdXBsb2Fkc1wvMjAyNFwvMDdcL25zX25hdHVzLTMyLXNjYWxlZC5qcGciLCJzbGlkZXNob3ciOiIyN2MxY2IzYiJ9\" href='https:\/\/natusvini.pt\/wp-content\/uploads\/2024\/07\/ns_natus-32-scaled.jpg'><img loading=\"lazy\" decoding=\"async\" width=\"2560\" height=\"1707\" src=\"https:\/\/natusvini.pt\/wp-content\/uploads\/2024\/07\/ns_natus-32-scaled.jpg\" class=\"attachment-full size-full\" alt=\"\" srcset=\"https:\/\/natusvini.pt\/wp-content\/uploads\/2024\/07\/ns_natus-32-scaled.jpg 2560w, https:\/\/natusvini.pt\/wp-content\/uploads\/2024\/07\/ns_natus-32-300x200.jpg 300w, https:\/\/natusvini.pt\/wp-content\/uploads\/2024\/07\/ns_natus-32-1024x683.jpg 1024w, https:\/\/natusvini.pt\/wp-content\/uploads\/2024\/07\/ns_natus-32-768x512.jpg 768w, https:\/\/natusvini.pt\/wp-content\/uploads\/2024\/07\/ns_natus-32-1536x1024.jpg 1536w, https:\/\/natusvini.pt\/wp-content\/uploads\/2024\/07\/ns_natus-32-2048x1365.jpg 2048w\" sizes=\"(max-width: 2560px) 100vw, 2560px\" \/><\/a>\n\t\t\t<\/div><\/figure><figure class='gallery-item'>\n\t\t\t<div class='gallery-icon landscape'>\n\t\t\t\t<a data-elementor-open-lightbox=\"yes\" data-elementor-lightbox-slideshow=\"27c1cb3b\" data-elementor-lightbox-title=\"ns_natus-12\" data-e-action-hash=\"#elementor-action%3Aaction%3Dlightbox%26settings%3DeyJpZCI6MTAzNiwidXJsIjoiaHR0cHM6XC9cL25hdHVzdmluaS5wdFwvd3AtY29udGVudFwvdXBsb2Fkc1wvMjAyNFwvMDdcL25zX25hdHVzLTEyLXNjYWxlZC5qcGciLCJzbGlkZXNob3ciOiIyN2MxY2IzYiJ9\" href='https:\/\/natusvini.pt\/wp-content\/uploads\/2024\/07\/ns_natus-12-scaled.jpg'><img loading=\"lazy\" decoding=\"async\" width=\"2560\" height=\"1707\" src=\"https:\/\/natusvini.pt\/wp-content\/uploads\/2024\/07\/ns_natus-12-scaled.jpg\" class=\"attachment-full size-full\" alt=\"\" srcset=\"https:\/\/natusvini.pt\/wp-content\/uploads\/2024\/07\/ns_natus-12-scaled.jpg 2560w, https:\/\/natusvini.pt\/wp-content\/uploads\/2024\/07\/ns_natus-12-300x200.jpg 300w, https:\/\/natusvini.pt\/wp-content\/uploads\/2024\/07\/ns_natus-12-1024x683.jpg 1024w, https:\/\/natusvini.pt\/wp-content\/uploads\/2024\/07\/ns_natus-12-768x512.jpg 768w, https:\/\/natusvini.pt\/wp-content\/uploads\/2024\/07\/ns_natus-12-1536x1024.jpg 1536w, https:\/\/natusvini.pt\/wp-content\/uploads\/2024\/07\/ns_natus-12-2048x1365.jpg 2048w\" sizes=\"(max-width: 2560px) 100vw, 2560px\" \/><\/a>\n\t\t\t<\/div><\/figure><figure class='gallery-item'>\n\t\t\t<div class='gallery-icon landscape'>\n\t\t\t\t<a data-elementor-open-lightbox=\"yes\" data-elementor-lightbox-slideshow=\"27c1cb3b\" data-elementor-lightbox-title=\"ns_natus-40\" data-e-action-hash=\"#elementor-action%3Aaction%3Dlightbox%26settings%3DeyJpZCI6MTA2NiwidXJsIjoiaHR0cHM6XC9cL25hdHVzdmluaS5wdFwvd3AtY29udGVudFwvdXBsb2Fkc1wvMjAyNFwvMDdcL25zX25hdHVzLTQwLTEtc2NhbGVkLmpwZyIsInNsaWRlc2hvdyI6IjI3YzFjYjNiIn0%3D\" href='https:\/\/natusvini.pt\/wp-content\/uploads\/2024\/07\/ns_natus-40-1-scaled.jpg'><img loading=\"lazy\" decoding=\"async\" width=\"2560\" height=\"1707\" src=\"https:\/\/natusvini.pt\/wp-content\/uploads\/2024\/07\/ns_natus-40-1-scaled.jpg\" class=\"attachment-full size-full\" alt=\"\" srcset=\"https:\/\/natusvini.pt\/wp-content\/uploads\/2024\/07\/ns_natus-40-1-scaled.jpg 2560w, https:\/\/natusvini.pt\/wp-content\/uploads\/2024\/07\/ns_natus-40-1-300x200.jpg 300w, https:\/\/natusvini.pt\/wp-content\/uploads\/2024\/07\/ns_natus-40-1-1024x683.jpg 1024w, https:\/\/natusvini.pt\/wp-content\/uploads\/2024\/07\/ns_natus-40-1-768x512.jpg 768w, https:\/\/natusvini.pt\/wp-content\/uploads\/2024\/07\/ns_natus-40-1-1536x1024.jpg 1536w, https:\/\/natusvini.pt\/wp-content\/uploads\/2024\/07\/ns_natus-40-1-2048x1365.jpg 2048w\" sizes=\"(max-width: 2560px) 100vw, 2560px\" \/><\/a>\n\t\t\t<\/div><\/figure>\n\t\t<\/div>\n\t\t<\/div>\n\t\t\t\t\t\t<\/div>\n\t\t\t\t<\/div>\n\t\t\t\t\t<\/div>\n\t\t<\/div>\n\t\t\t\t\t<\/div>\n\t\t<\/section>\n\t\t\t\t<section class=\"elementor-section elementor-top-section elementor-element elementor-element-f9a8161 elementor-section-boxed elementor-section-height-default elementor-section-height-default\" data-id=\"f9a8161\" data-element_type=\"section\" data-e-type=\"section\">\n\t\t\t\t\t\t<div class=\"elementor-container elementor-column-gap-default\">\n\t\t\t\t\t<div class=\"elementor-column elementor-col-100 elementor-top-column elementor-element elementor-element-8dde3ed\" data-id=\"8dde3ed\" data-element_type=\"column\" data-e-type=\"column\">\n\t\t\t<div class=\"elementor-widget-wrap elementor-element-populated\">\n\t\t\t\t\t\t<div class=\"elementor-element elementor-element-eadc010 elementor-widget elementor-widget-heading\" data-id=\"eadc010\" data-element_type=\"widget\" data-e-type=\"widget\" data-widget_type=\"heading.default\">\n\t\t\t\t<div class=\"elementor-widget-container\">\n\t\t\t\t\t<h2 class=\"elementor-heading-title elementor-size-default\">Apresentamos o Natus<\/h2>\t\t\t\t<\/div>\n\t\t\t\t<\/div>\n\t\t\t\t\t<\/div>\n\t\t<\/div>\n\t\t\t\t\t<\/div>\n\t\t<\/section>\n\t\t\t\t<section class=\"elementor-section elementor-top-section elementor-element elementor-element-00ecf6e elementor-section-boxed elementor-section-height-default elementor-section-height-default\" data-id=\"00ecf6e\" data-element_type=\"section\" data-e-type=\"section\">\n\t\t\t\t\t\t<div class=\"elementor-container elementor-column-gap-default\">\n\t\t\t\t\t<div class=\"elementor-column elementor-col-100 elementor-top-column elementor-element elementor-element-e2d2dd5\" data-id=\"e2d2dd5\" data-element_type=\"column\" data-e-type=\"column\">\n\t\t\t<div class=\"elementor-widget-wrap elementor-element-populated\">\n\t\t\t\t\t\t<div class=\"elementor-element elementor-element-9daa0b0 elementor-widget elementor-widget-video\" data-id=\"9daa0b0\" data-element_type=\"widget\" data-e-type=\"widget\" data-settings=\"{&quot;video_type&quot;:&quot;vimeo&quot;}\" data-widget_type=\"video.default\">\n\t\t\t\t<div class=\"elementor-widget-container\">\n\t\t\t\t\t\t\t<div class=\"elementor-wrapper elementor-open-inline\">\n\t\t\t<iframe class=\"elementor-video-iframe\" allowfullscreen allow=\"clipboard-write\" title=\"vimeo Video Player\" src=\"https:\/\/player.vimeo.com\/video\/789684036?color&autopause=0&loop=0&muted=0&title=1&portrait=1&byline=1#t=\"><\/iframe>\t\t<\/div>\n\t\t\t\t\t\t<\/div>\n\t\t\t\t<\/div>\n\t\t\t\t\t<\/div>\n\t\t<\/div>\n\t\t\t\t\t<\/div>\n\t\t<\/section>\n\t\t\t\t<section class=\"elementor-section elementor-top-section elementor-element elementor-element-4f4b207 elementor-section-boxed elementor-section-height-default elementor-section-height-default\" data-id=\"4f4b207\" data-element_type=\"section\" data-e-type=\"section\">\n\t\t\t\t\t\t<div class=\"elementor-container elementor-column-gap-default\">\n\t\t\t\t\t<div class=\"elementor-column elementor-col-100 elementor-top-column elementor-element elementor-element-6b24898\" data-id=\"6b24898\" data-element_type=\"column\" data-e-type=\"column\">\n\t\t\t<div class=\"elementor-widget-wrap elementor-element-populated\">\n\t\t\t\t\t\t<div class=\"elementor-element elementor-element-fa98d9b elementor-widget-divider--view-line elementor-widget elementor-widget-divider\" data-id=\"fa98d9b\" data-element_type=\"widget\" data-e-type=\"widget\" data-widget_type=\"divider.default\">\n\t\t\t\t<div class=\"elementor-widget-container\">\n\t\t\t\t\t\t\t<div class=\"elementor-divider\">\n\t\t\t<span class=\"elementor-divider-separator\">\n\t\t\t\t\t\t<\/span>\n\t\t<\/div>\n\t\t\t\t\t\t<\/div>\n\t\t\t\t<\/div>\n\t\t\t\t\t<\/div>\n\t\t<\/div>\n\t\t\t\t\t<\/div>\n\t\t<\/section>\n\t\t\t\t<\/div>\n\t\t","protected":false},"excerpt":{"rendered":"<p>Natus Vini No sop\u00e9 Sul da Serra do Mendro, no cora\u00e7\u00e3o da Vidigueira, nasce o Natus. Do clima, os dias quentes e soalheiros, as noites varridas a brisas frias. Do solo, mediterr\u00e2neo de xisto delgado, a baixa fertilidade, a complexidade, a mineralidade. Das castas, a identidade o car\u00e1cter, a tipicidade. Do homem, a baixa interven\u00e7\u00e3o, [&hellip;]<\/p>\n","protected":false},"author":1,"featured_media":0,"parent":0,"menu_order":0,"comment_status":"closed","ping_status":"closed","template":"elementor_header_footer","meta":{"site-sidebar-layout":"default","site-content-layout":"","ast-site-content-layout":"default","site-content-style":"default","site-sidebar-style":"default","ast-global-header-display":"","ast-banner-title-visibility":"","ast-main-header-display":"","ast-hfb-above-header-display":"","ast-hfb-below-header-display":"","ast-hfb-mobile-header-display":"","site-post-title":"","ast-breadcrumbs-content":"","ast-featured-img":"","footer-sml-layout":"","ast-disable-related-posts":"","theme-transparent-header-meta":"","adv-header-id-meta":"","stick-header-meta":"","header-above-stick-meta":"","header-main-stick-meta":"","header-below-stick-meta":"","astra-migrate-meta-layouts":"default","ast-page-background-enabled":"default","ast-page-background-meta":{"desktop":{"background-color":"var(--ast-global-color-4)","background-image":"","background-repeat":"repeat","background-position":"center center","background-size":"auto","background-attachment":"scroll","background-type":"","background-media":"","overlay-type":"","overlay-color":"","overlay-opacity":"","overlay-gradient":""},"tablet":{"background-color":"","background-image":"","background-repeat":"repeat","background-position":"center center","background-size":"auto","background-attachment":"scroll","background-type":"","background-media":"","overlay-type":"","overlay-color":"","overlay-opacity":"","overlay-gradient":""},"mobile":{"background-color":"","background-image":"","background-repeat":"repeat","background-position":"center center","background-size":"auto","background-attachment":"scroll","background-type":"","background-media":"","overlay-type":"","overlay-color":"","overlay-opacity":"","overlay-gradient":""}},"ast-content-background-meta":{"desktop":{"background-color":"var(--ast-global-color-5)","background-image":"","background-repeat":"repeat","background-position":"center center","background-size":"auto","background-attachment":"scroll","background-type":"","background-media":"","overlay-type":"","overlay-color":"","overlay-opacity":"","overlay-gradient":""},"tablet":{"background-color":"var(--ast-global-color-5)","background-image":"","background-repeat":"repeat","background-position":"center center","background-size":"auto","background-attachment":"scroll","background-type":"","background-media":"","overlay-type":"","overlay-color":"","overlay-opacity":"","overlay-gradient":""},"mobile":{"background-color":"var(--ast-global-color-5)","background-image":"","background-repeat":"repeat","background-position":"center center","background-size":"auto","background-attachment":"scroll","background-type":"","background-media":"","overlay-type":"","overlay-color":"","overlay-opacity":"","overlay-gradient":""}},"footnotes":""},"class_list":["post-125","page","type-page","status-publish","hentry"],"jetpack_sharing_enabled":true,"_links":{"self":[{"href":"https:\/\/natusvini.pt\/index.php\/wp-json\/wp\/v2\/pages\/125","targetHints":{"allow":["GET"]}}],"collection":[{"href":"https:\/\/natusvini.pt\/index.php\/wp-json\/wp\/v2\/pages"}],"about":[{"href":"https:\/\/natusvini.pt\/index.php\/wp-json\/wp\/v2\/types\/page"}],"author":[{"embeddable":true,"href":"https:\/\/natusvini.pt\/index.php\/wp-json\/wp\/v2\/users\/1"}],"replies":[{"embeddable":true,"href":"https:\/\/natusvini.pt\/index.php\/wp-json\/wp\/v2\/comments?post=125"}],"version-history":[{"count":229,"href":"https:\/\/natusvini.pt\/index.php\/wp-json\/wp\/v2\/pages\/125\/revisions"}],"predecessor-version":[{"id":1281,"href":"https:\/\/natusvini.pt\/index.php\/wp-json\/wp\/v2\/pages\/125\/revisions\/1281"}],"wp:attachment":[{"href":"https:\/\/natusvini.pt\/index.php\/wp-json\/wp\/v2\/media?parent=125"}],"curies":[{"name":"wp","href":"https:\/\/api.w.org\/{rel}","templated":true}]}}